nder when d is divided by 266.
262
Let k(b) = -55*b - 262. What is the remainder when 319 is divided by k(-5)?
7
Suppose 0 = -3*j + 2*n + 16, 4*j - n + 0*n = 28. Calculate the remainder when (-25 - -1)/(13/j - 2) is divided by ((-44)/33)/(2/(-9)).
4
Let k(h) = -2*h**3 - 17*h**2 - 10*h - 13. Let s be k(-8). Suppose 5*a - 70 = -2*u, -7*u = -s*a - 5*u + 42. What is the remainder when 37 is divided by a?
9
Suppose -42*j + 35018 = 32162. Calculate the remainder when 878 is divided by j.
62
Suppose 18*a - 4*x + 868 = 21*a, 281 = a + 3*x. Calculate the remainder when a is divided by 50.
46
Let r(l) = 2*l**2 - 4*l. Let g be r(-4). Let a = g - 4. Let u(d) = -d**2 + 73*d - 119. What is the remainder when a is divided by u(71)?
21
Let g = 13805 - 12449. Calculate the remainder when g is divided by 34.
30
Suppose -24 = 2*q - 0. Let o = 13 - q. What is the remainder when o is divided by (53/212)/(2/80)*1?
5
Let q(c) = 112*c**2 + 4. Let x(t) = t**2 - 6*t + t**2 + 7*t - t**2. Let r(i) = q(i) - 5*x(i). Calculate the remainder when r(1) is divided by 27.
25
Let u = 84 - 32. Let v(d) = d**3 + 13*d**2 + 9*d + 18. Let r be v(-12). Calculate the remainder when u is divided by (-11)/33*(0 - r).
16
Let n = -34918 + 35005. What is the remainder when n is divided by (2 - 3 - -2) + 30?
25
Let x(f) = 2*f - 19. Let b be x(-10). Calculate the remainder when 137 is divided by -4 - (1 + (b - (5 - 3))).
29
Let j(p) = 4*p**3 + 7*p**2 + 42. Calculate the remainder when j(6) is divided by 29.
27
Suppose -485*d + 3727 + 8883 = 0. Let p = 114 - 17. What is the remainder when p is divided by d?
19
Let d = 25 - 23. Suppose 54 = -4*k - d*y, -4*k - 4*y + 7*y = 29. Calculate the remainder when 41 is divided by k/((0 - 4)/4).
8
Let b be 3/5 - (-72)/(-45). Let p = b - -1. Let i(r) = r**3 + r**2 - r + 22. What is the remainder when i(p) is divided by 4?
2
What is the remainder when 1594 is divided by 8 + 6/(-42)*(-5 - 72)?
17
Suppose 4*u + 2*q = -56, -4*u - 27*q = -26*q + 52. Let b(l) = 5*l**2 - 2*l + 1. What is the remainder when (u - 22/(-3))*(-22 + 1) is divided by b(-2)?
23
Let y(u) = u**3 + 5*u**2 - 149*u + 37. Calculate the remainder when y(-15) is divided by 9.
4
Suppose 877*p = 507*p + 33670. Calculate the remainder when p is divided by 52.
39
Let n be (-96)/12 - (-11 + 1). Suppose -6*w = -4*w - 72. Suppose 7 = 3*j - 5, n*f - w = -2*j. What is the remainder when 66 is divided by f?
10
Let f = 105 + -1725. Let a be 4*(-4)/(-56) + f/(-14). Let j = a - 100. Calculate the remainder when j is divided by 12.
4
Suppose 30*o - 53*o = -24*o + 201. Calculate the remainder when o is divided by 90.
21
Calculate the remainder when 248 is divided by 40 + ((-13)/1 - -11).
20
Suppose 2*d + 8 = 6*d. Suppose z + 53 = d*z. Suppose -81*r + 392 = -53*r. What is the remainder when z is divided by r?
11
Let y = 214 - 116. Let h = -6924 - -6941. Calculate the remainder when y is divided by h.
13
Let z = -156 - -195. Suppose -28 = -4*u + 272. Calculate the remainder when u is divided by z.
36
Let s(o) = 667*o - 57. Let i(w) = -223*w + 18. Let k(x) = 14*i(x) + 4*s(x). Calculate the remainder when k(-1) is divided by 20.
18
Suppose -4*p = 2*b - 1112, 0 = -28*p + 32*p - 4*b - 1136. Suppose -5*r + p = 23*r. What is the remainder when 65 is divided by r?
5
Let t = -859 - -1019. Suppose -2*d + 85 = 1. Calculate the remainder when t is divided by d.
34
Let a(f) = 9*f**2 - 13*f + 19. Calculate the remainder when ((-238)/(-84) + (-2)/4)*123 is divided by a(2).
26
Let h(i) = 50*i - 4661. Calculate the remainder when 375 is divided by h(94).
24
Suppose -72*d + 73*d = -3*a + 51, 0 = -2*a + d + 29. Calculate the remainder when 8238 is divided by a.
14
Suppose -29*r + 14*r - 42*r + 2508 = 0. Calculate the remainder when 394 is divided by r.
42
Let x(i) = 21*i - 101. Calculate the remainder when 451 is divided by x(12).
149
Suppose -548*q + 20868 = -454*q. Calculate the remainder when q is divided by 90.
42
Let u(h) = -h + 17. Let n be u(-3). Let i(w) = 3*w + 11. Let p be i(n). Suppose -4*j + p = -149. What is the remainder when 106 is divided by j?
51
Suppose 28*y + 532 = 32*y. Suppose -572*w + 579*w = y. What is the remainder when 56 is divided by w?
18
Let y(f) = -6*f - 27. Let a be y(-3). What is the remainder when 44 is divided by (-7 - -2 - a) + 5?
8
Let a(j) = -11*j**3 + 2*j**2 - 2*j - 4. Let d be a(-1). Suppose -3*o = h - 2*o - d, 4*h + 5*o = 49. What is the remainder when 85 is divided by h?
1
Let f(h) = 174*h + 7915. What is the remainder when f(-44) is divided by 73?
40
What is the remainder when 3574 is divided by 6*102/45 + (35/25 - 2)?
12
Let x(u) = 4*u**2 - 46*u + 260. Calculate the remainder when x(6) is divided by 21.
2
Let i = 3491 - 3346. Calculate the remainder when i is divided by 105.
40
Suppose 14*j - 15*j - 3 = -3*n, 0 = 2*j + 4*n - 54. Calculate the remainder when 730 is divided by j.
10
Suppose 3 = g + 1. Let k(y) = 2*y + 90. Let o be k(-27). Suppose 2*f + 5*n - o = 0, 4*f = 3*f - g*n + 17. Calculate the remainder when 51 is divided by f.
12
Let z(a) = 15*a - 9. Suppose 0 = 3*g + 5*c + 22, 3*c = 39597*g - 39602*g + 22. What is the remainder when z(6) is divided by g?
4
Let j = -259 + 261. Suppose 1 - 5 = -t + j*m, 2*m = 5*t - 36. What is the remainder when 61 is divided by t?
5
Let g = -263 + 527. Calculate the remainder when g is divided by 8/2 - (-66 + (7 - -9)).
48
Suppose 2*k = -4*n + 344, -3*n + 4*n = -5. What is the remainder when k is divided by (-2292)/(-36) - 39/((-1053)/(-72))?
60
Let a = -45 - -12. Let i(l) = l**3 + 81*l**2 + 160*l + 240. Let d be i(-79). Let o = d + a. What is the remainder when o is divided by 21?
7
Suppose m + 4*h + 18 = 0, 3*h = -7*m + 12*m - 25. Let l(a) = 15*a - 25. Calculate the remainder when 39 is divided by l(m).
4
Let c = -166 - -176. Calculate the remainder when (c/6 - 0)*90 is divided by 38.
36
Let n = -1705 - -981. Let m = n - -775. Calculate the remainder when 966 is divided by m.
48
Let t = -19 + -28. Let u = -33 - t. Suppose 0 = -1050*s + 1044*s + 240. What is the remainder when s is divided by u?
12
Suppose -4*o - 13*o = -170. Suppose 35 = -10*n + 185. What is the remainder when n is divided by (-4)/((o/25)/(-1))?
5
Let j(a) = -a**3 - 4*a**2 + a + 7. Let k = -305 - -463. What is the remainder when k is divided by j(-5)?
23
Suppose r - 2*n + 8 = 0, -5*r + 8 = 3*n - 4. Calculate the remainder when ((-2)/(-4))/((-1)/(-44)) + -6 is divided by 3/((-9)/(-12)) + r.
0
Let s(m) = 4*m**3 - 19*m**2 + 13*m + 9. Let a be s(7). Suppose 4*q = -k + 365, -5*k = 4*q + 156 - a. Calculate the remainder when q is divided by 30.
0
Let t be 0/(7 - 4) + -4. Let d(a) = 2*a + 21. Let x = 76 + -25. Calculate the remainder when x is divided by d(t).
12
Let b = -14 + 22. Let h(g) = -2*g**3 + 39*g**2 + 16*g - 29. Let r be h(19). Let z = r + -624. Calculate the remainder when z is divided by b.
4
Suppose 8 = -2*j, 2*j + 232 = p - 0*p. Suppose -3*m = 13*m - p. What is the remainder when m is divided by 8?
6
Let i(f) = -f**2 + 19*f - 41. Let d be (-18)/3*((-21)/6 - -2). Calculate the remainder when i(d) is divided by 18.
13
Let u be 17/(-85) - (-132)/10. Suppose u*w - 588 = -15*w. Calculate the remainder when w is divided by 9.
3
Let l(c) = c**3 + 29*c**2 + 170*c + 9. Let n be l(-21). Calculate the remainder when (-2)/5*(n + -302) is divided by 34.
32
Let z(f) = -f**2 - 10*f - 9. Suppose -5*d + 463*j = 465*j - 1072, -5*j - 209 = -d. What is the remainder when d is divided by z(-7)?
10
Suppose -j - 4 + 17 = 0. Let o = -14110 - -14252. What is the remainder when o is divided by j?
12
Let w = -4597 + 4993. Calculate the remainder when w is divided by 58.
48
Let h(m) = -m**2 - 4*m - 18 + 0*m - 3*m - 6*m. Let g be h(-12). What is the remainder when 26 is divided by -18*(9/g)/3?
8
Suppose 3*x - 2 = 7, -2*x - 2130 = -3*l. What is the remainder when l is divided by 179?
175
Let l = -1131 + 1537. Calculate the remainder when l is divided by 59.
52
Suppose 2*h - 87 - 83 = 0. Suppose -4*u = a - 76 - h, a = 5*u - 190. Suppose -3*x - 2 + 344 = 0. What is the remainder when x is divided by u?
36
Let q(t) = 2*t**3 + 21*t**2 - 66*t - 27. Calculate the remainder when q(7) is divided by 63.
29
Let h(m) = m**2 - 2*m - 36. Let r(d) = -d**3 - 7*d**2 - 5*d. Let l be r(-6). Let f be (l + -1 + 5)*3.